3*o - 6 = 3*u, -o - 4 = -q*u + 2. Let c(f) = 3*f + 2. What is the remainder when c(5) is divided by o?
5
Suppose 4*v = -x + 44, -5*v + 4*x + 34 = -0. Suppose 0 = -8*a + 13*a - 30. Calculate the remainder when (-27)/1*(-4)/a is divided by v.
8
What is the remainder when 52 is divided by ((-2)/5)/(7/(-315))?
16
Let k(f) = -f**3 - 2*f - 179. Let w be k(0). Let v = w + 252. What is the remainder when v is divided by 25?
23
Let u = 0 - 5. Let g(j) = -j. Let n be g(u). Suppose -n*m = 96 - 326. Calculate the remainder when m is divided by 16.
14
Let z(y) = -4*y - 7. Let c be z(-5). Let u = -20 + c. Let h(f) = -f - 3. What is the remainder when h(u) is divided by 3?
1
Let y(b) = -b + 19. What is the remainder when 106 is divided by y(-8)?
25
Let a(y) = -y**3 + 9*y**2 - y + 13. Let i be a(9). Let s = i + -2. Suppose -4*z - s = -50. What is the remainder when 34 is divided by z?
10
Let i = -20 + 26. Let n = 6 + -4. What is the remainder when i is divided by n?
0
Suppose -64 = 15*v - 19*v. Let b(a) = -a**3 - 9*a**2 - 5*a. Calculate the remainder when b(-9) is divided by v.
13
Let k = 20 - 7. Let g(c) = 2*c**2 + 7*c - 5. Suppose 4*h + 2 + 22 = 0. What is the remainder when g(h) is divided by k?
12
Let d = -31 + 65. Let h = 81 - d. Let q = h - 33. What is the remainder when q is divided by 8?
6
Suppose 3*q - 2*v = 251, -6*q + 2*q - 4*v + 308 = 0. Let p be 434/(-8) + (-7)/(-28). Let y = p + q. Calculate the remainder when y is divided by 7.
6
Let d(i) = i**2 + 9*i - 18. What is the remainder when 9 is divided by d(-11)?
1
Let h = -136 + 212. Let a = h + -26. Calculate the remainder when a is divided by 9 + 4 + (5 - 1).
16
What is the remainder when -2 + 84/45 + 424/30 is divided by 5?
4
Let h(o) = 2*o - 7. Let j(b) = 3*b**2 + 6*b + 6. Let n be j(-4). What is the remainder when n/4 - (-1)/(-2) is divided by h(6)?
2
Suppose 2*u = -2*h + 52, -2*u + 4*u = 5*h - 158. Calculate the remainder when h is divided by 11.
8
Suppose -31 = -n - 5*z, 0*n + 2*n - z = 7. Let b = -4 + n. Suppose -25 = -5*o, 0 = -4*t + b*o + 2*o + 32. Calculate the remainder when 24 is divided by t.
11
Let c = 0 + 1. Calculate the remainder when 2/(2 + 0 - 0) is divided by c.
0
Let x(b) = -6*b + 89. Let m = 11 - 4. Calculate the remainder when m is divided by x(14).
2
Let k = -23 + 43. Calculate the remainder when k is divided by 13.
7
Let a(i) = 9*i**2 + i - 1. Calculate the remainder when 35 is divided by a(1).
8
Let a = -14 + 20. Calculate the remainder when 9 is divided by a.
3
Let d = -11 - -27. Suppose 0 = -3*m + m + d. Suppose 2 = r - 3. Calculate the remainder when m is divided by r.
3
Suppose 3*i - 3*c - 71 = -4*c, -2*i + 36 = -5*c. Calculate the remainder when i is divided by 9.
5
Suppose -k + 4 = -1. Suppose 2*d = c + 4*c - 182, 5*c = -3*d + 177. Suppose -2*o - 2*g = -c, -2*g + 8 = o - 3*g. Calculate the remainder when o is divided by k.
3
Let p(r) = 2*r**3 - 4*r**2 - 4*r + 3. Let s be p(4). Suppose -f - s = -4*f. Calculate the remainder when 32 is divided by f.
15
Suppose 0 = 3*j - 0*j. Suppose j*v = 5*v - 30. Suppose -m + 4*d - 8 = m, 3 = -3*m + 3*d. Calculate the remainder when v is divided by m.
0
Let c(k) = -5*k. Let l be c(-1). What is the remainder when 2 - 5/((-10)/16) is divided by l - (-2 - -4)/(-2)?
4
Let c be (-4)/16 + (-42)/(-8). Suppose -25 = -3*k - i, c*k + 5*i - 37 = i. What is the remainder when k is divided by 6?
3
Let j be 6/15 + 46/10. Suppose 7*c - 2*c - 10 = 0. Let q = c + j. What is the remainder when 20 is divided by q?
6
Let q be -8*(15/(-6) - -2). Suppose 75 = m + q*m. Suppose 69 - 25 = x. What is the remainder when x is divided by m?
14
Suppose 3*h - 28 = -b, -h - 3*b - b + 24 = 0. Let n(l) = l**3 - 7*l**2 - 6*l - 3. Calculate the remainder when 49 is divided by n(h).
10
Let t = -66 - -74. What is the remainder when 62 is divided by t?
6
Let p = 574 + -539. Let v = 31 + -19. What is the remainder when p is divided by v?
11
Suppose -2*z + 89 = 5*m, 127 + 75 = 4*z + 2*m. Calculate the remainder when z is divided by 19.
14
Suppose 2*u + u - 6 = 0. Suppose -u*o + 18 - 6 = 0. What is the remainder when 17 is divided by o?
5
Let s(z) = -5*z. Suppose 12 = -5*t - 0*t - 2*i, 5*t + 40 = 5*i. Calculate the remainder when s(t) is divided by 12.
8
Suppose 0 = -5*x + 5*z + 295, 0*x - 56 = -x + 2*z. Suppose g = -5*c + x, 2*g + 2*c = -0*c + 108. Calculate the remainder when g is divided by 18.
16
Let d = 81 + -56. Calculate the remainder when (d/2)/(3/6) is divided by 9.
7
Suppose 5*x - 175 - 275 = 0. What is the remainder when x is divided by 31?
28
Let l(q) = -2*q - 3. Calculate the remainder when 78 is divided by l(-6).
6
Let t(f) = 2*f**2 + f + 8. What is the remainder when t(4) is divided by 15?
14
Suppose -154 = -9*f + 2*f. Calculate the remainder when f is divided by 5.
2
What is the remainder when 49 is divided by 1339/52 - (-3)/(-4)?
24
Let t(p) = p**2 + 3*p - 11. Calculate the remainder when t(-6) is divided by 5.
2
Let k be 95/25 + 2/10. Suppose -2*f - f + 93 = k*p, p = -4*f + 111. Suppose -c - i = -6*c + 74, -4*i = -5*c + 86. What is the remainder when f is divided by c?
13
Suppose z + 44 = 157. Suppose 3 = d, 4*d = -0*w + 4*w - 80. Calculate the remainder when z is divided by w.
21
Let q = -13 - -46. Suppose -6*p + 7*p - q = 0. Calculate the remainder when p is divided by 19.
14
Suppose -2*g + g - 25 = 0. Let c = 45 + g. What is the remainder when c is divided by 7?
6
Suppose -37*q = -38*q + 14. Calculate the remainder when q is divided by 6.
2
Let g = 38 + -16. Suppose 3*u - 247 = -4*b, -4*b + 241 = -0*b + 5*u. What is the remainder when b is divided by g?
20
Let j = -40 + 73. Calculate the remainder when j is divided by 10.
3
Suppose 0 = -p + 3*q - 2, 0*q = -4*p + q + 47. What is the remainder when p is divided by 5?
3
Let l be 4*2/4*1. Let u(r) = 6*r**2 + 2 - 2 - r. Calculate the remainder when u(l) is divided by 6.
4
Let m(w) = 7*w**2 + 9*w + 3. Calculate the remainder when 37 is divided by m(-2).
11
Suppose 5*v + 10 = 0, -2*v = -3*g - 4*v + 11. Suppose a + 4*z = -0*z - 2, g*a = -2*z + 26. Calculate the remainder when a is divided by 3.
0
Suppose 2*b - m = -3*m - 18, 0 = b - 2*m - 6. What is the remainder when 50 is divided by ((-10)/15)/(b/102)?
16
Let c = 48 - 28. Calculate the remainder when c is divided by 12.
8
What is the remainder when 18 is divided by (-344)/(-48) - (-1)/(-6)?
4
Suppose 0 = 4*w - 87 - 17. Calculate the remainder when 50 is divided by w.
24
Let t = 1 + 2. Suppose -5 - 37 = -t*q. Suppose 4*r = -5*g + 145, 5*r + 2*g - 185 = -3*g. Calculate the remainder when r is divided by q.
12
Suppose 2*f + 3*s - 2*s - 12 = 0, 0 = -4*f - 4*s + 16. What is the remainder when f is divided by 6?
2
Let i = -27 - -15. Calculate the remainder when 94 is divided by 4/i + 146/6.
22
Suppose -3*p = -p - 14. Let g = -3 - -6. Calculate the remainder when p is divided by g.
1
Suppose 7*d - 114 = 187. Let i(w) = -21*w + 1. What is the remainder when d is divided by i(-1)?
21
Calculate the remainder when -3 + 438/2 + -1 is divided by 27.
26
Let w = 7 + -2. Suppose 4*q - 29 = 3*q. Let y = -20 + q. What is the remainder when y is divided by w?
4
Suppose -15*f = -13*f - 38. Calculate the remainder when 37 is divided by f.
18
Suppose 36 = 3*y + 5*d, -5*y + 73 = 3*d + d. What is the remainder when 64 is divided by y?
13
Calculate the remainder when 67 is divided by (11 - 32)*(-12)/14.
13
Suppose 5*b + 49 = 4*w, 6*b - 2*b + 38 = 2*w. Let v = 12 + b. Suppose -v*t + 6*t = 6. What is the remainder when 5 is divided by t?
1
Suppose 6*h - 348 = -96. What is the remainder when h is divided by 11?
9
Suppose 4*c - 11 + 3 = 0. Suppose -i + 4*i - x = -6, -2*x - 4 = c*i. Let v = i + 5. What is the remainder when 4 is divided by v?
1
Let b(k) = k**3 - 7*k**2 + 7*k - 1. Calculate the remainder when 9 is divided by b(6).
4
Suppose 2*y = 3*y + 5, 3*v + y - 88 = 0. What is the remainder when 121 is divided by v?
28
Suppose f - 52 + 17 = 0. Calculate the remainder when 66 is divided by f.
31
Let q = 76 - 44. What is the remainder when q is divided by 9?
5
Suppose 4*m - 45 = -m. Let h = 44 + -27. Calculate the remainder when h is divided by m.
8
Let y(r) = -8*r + 35. Calculate the remainder when y(-12) is divided by 44.
43
What is the remainder when 25 is divided by 5 + (4 + 0)/1